 o)) + 3 is divided by 3.
1
Suppose 0 = -6*v - 47 + 221. What is the remainder when 56 is divided by v?
27
Let r = 190 + -114. Calculate the remainder when 228 is divided by r.
0
Suppose -5*b - 45 = -4*v, -b = 4*v + 3*b. Suppose 0 = k - 4*a - 6, -v*k + 67 = 5*a - 88. Calculate the remainder when k is divided by 14.
12
Suppose -100 - 115 = -5*c. Suppose -5*b + c = -4*v, -5*b - v - 2*v = -29. What is the remainder when 25 is divided by b?
4
Suppose -2*m = 2*u - 4*u - 2, 10 = 2*m. Suppose -u*k - 18 = -j, 3*k = -4*j + 156 - 46. What is the remainder when j is divided by 16?
10
Let o = 1 + 10. Let s = 19 + -17. Suppose s*c - 3*u - 14 = 0, 3*c - 2*u = -u + 14. Calculate the remainder when o is divided by c.
3
Let t(y) = 5*y + 402. Calculate the remainder when t(8) is divided by 37.
35
Calculate the remainder when ((-50)/3)/(1/(-3)) is divided by 17.
16
Calculate the remainder when 77*-114*8/(-336) is divided by 14.
13
Let t(w) = w**3 + 2*w**2 + w + 1. Calculate the remainder when 700 is divided by t(2).
16
Calculate the remainder when 137 is divided by ((-602)/21)/(26/(-39)).
8
Let t = -11 + 13. Suppose j = -t*j - 87. Calculate the remainder when -3 - ((-4)/(-2) + j) is divided by 9.
6
Suppose 56 - 138 = -a. Suppose 4*h - a + 490 = 0. Let m = h + 146. Calculate the remainder when m is divided by 15.
14
Calculate the remainder when 50 is divided by (-6)/(24/28)*-4.
22
Suppose 8 = -6*n + 8*n. Suppose n*t = t + 5*x + 22, x = 4*t - 1. What is the remainder when 39 is divided by (11 - 0) + (2 - t)?
11
Let g be (-6)/12 - 1/(-2). Suppose 4*r - 660 = -g*r. Suppose -r = -6*x + 3*x. What is the remainder when x is divided by 19?
17
Let f be (2 + 0)/((-6)/(-9)). Suppose -2*p - 98 = -f*p. What is the remainder when p is divided by 25?
23
Let v(k) = 10*k. Calculate the remainder when v(1) is divided by (-162)/891*22*-1.
2
Suppose -3720 = -198*b + 168*b. Calculate the remainder when b is divided by 45.
34
Suppose h + 7 = -u - 2*u, -4*u = 20. Suppose -5560*n + 2128 = -5504*n. Calculate the remainder when n is divided by (-45)/(-4) - 2/h.
5
Let m = 23 - 23. Suppose b - 3*g - 52 = -0*b, m = -4*b - 2*g + 166. Calculate the remainder when b is divided by -55*1*(-4)/10.
21
Let l(z) = -5*z + 2. Let q(t) = -t - 12. Let o be q(-10). Let w be ((-4)/12)/(o/(-18)). What is the remainder when 50 is divided by l(w)?
16
Suppose -2*m + 347 = 22*v - 27*v, v + 5 = 0. Calculate the remainder when m is divided by 37.
13
What is the remainder when 12/15 - (-811)/5 is divided by 57?
49
Suppose -2*q + 0*r - 3*r = -7, 5*q - 5*r = 30. Let m be (-107)/(-3) + (-2)/3. Let c = -21 + m. What is the remainder when c is divided by q?
4
Let r be 4/(-3)*(-24)/16. Suppose -3*u + 150 = r*u. Suppose -2*q + u = -0*q. What is the remainder when 27 is divided by q?
12
Let n(v) = v. Let r(d) = -6*d - 1. Let j(p) = -5*n(p) + r(p). Calculate the remainder when 51 is divided by j(-2).
9
Let t = -60 - -119. Calculate the remainder when 170 is divided by t.
52
Let r(u) = -22*u - 6. Let l be r(-6). Let h be -3*((-3 - 26) + 2). Let m = l - h. What is the remainder when m is divided by 12?
9
Let q(y) = y**2 - 23*y - 1081. Calculate the remainder when q(48) is divided by 25.
19
Suppose -2*m - 200 = -4*m. Suppose f + 5*t - 34 = 7, -2*f - t = -m. Let b = f + -32. What is the remainder when 37 is divided by b?
18
What is the remainder when 528 is divided by 899/17 - (-38)/323?
51
Let l(d) = -d**2 + 32*d - 172. What is the remainder when 733 is divided by l(23)?
33
Let k = -91 + 148. Let s(p) = -p + 17. Calculate the remainder when k is divided by s(7).
7
Let m(d) = 2*d**2 + 20*d + 12. Suppose -3*o - c = -6*c + 25, 2*o - 2*c = -18. What is the remainder when 29 is divided by m(o)?
5
Let n = 283 + 447. Calculate the remainder when n is divided by 105.
100
Suppose -2*o - 1 + 11 = 0, -5*d + 2*o - 40 = 0. Calculate the remainder when (-2)/((-11)/((-1353)/d)) is divided by 7.
6
Suppose 0 = -w + 6*w + 2*j - 62, 5*w = -j + 66. Calculate the remainder when 91 is divided by w.
7
Let v be 30*(-1)/(12/16). Let p = -7 - v. Let y = p - 18. Calculate the remainder when y is divided by 6.
3
Let q be -3 - 0 - ((-1 - 1) + -35). Suppose 0 = -3*o - q + 109. Calculate the remainder when 118 is divided by o.
18
Suppose -256*h + 263*h = 721. Calculate the remainder when h is divided by 16.
7
Suppose 0 = 5*q - 76 - 164. Let n(r) = 2*r - 12. Let d be n(12). Suppose -z + p = -d, -p = -0*z + 4*z - 38. Calculate the remainder when q is divided by z.
8
Let y = 80 + -57. Calculate the remainder when 5104/112 - (-4)/(-7) is divided by y.
22
Let w = 287 + -277. What is the remainder when 64 is divided by w?
4
Suppose 2*r + 8*k = 9*k + 99, -5*k - 5 = 0. Calculate the remainder when r is divided by 25.
24
Let h = -142 - -171. Suppose 0 = 2*x + 3*x + 10, 2*q - 2*x - 406 = 0. Calculate the remainder when q is divided by h.
27
Let z be (-4)/8*(-4 + 0). Let o(f) = 6*f + 3. Suppose -4*p + 105 = -127. What is the remainder when p is divided by o(z)?
13
Suppose 0 = -4*u - i + 15, -3*i = 4*u + 1 - 6. Let y(g) = -4 + 1 + g + 2 - u*g**3. Calculate the remainder when y(-2) is divided by 10.
7
Suppose 9*u - 144 = 648. Let p(w) = 13*w. Calculate the remainder when u is divided by p(1).
10
Suppose 0 = 4*m - 12, 28 = 2*b - 0*m + 2*m. Suppose 2*x - 20 = -4*i, x + 5*i + b = 3*x. What is the remainder when 19 is divided by ((-66)/24)/((-2)/x)?
8
Let w(r) be the third derivative of r**6/120 - r**5/12 - r**4/4 + 11*r**3/6 - 25*r**2. What is the remainder when 54 is divided by w(6)?
10
Let i = 13 - -20. Let h = 3386 + -3379. What is the remainder when i is divided by h?
5
Let m = -7 + 7. Suppose m = 2*r - 2, r + 58 = 5*i + 19. Suppose 0 = 4*o - 5*z - 259, 0 = i*o - 3*o - z - 308. Calculate the remainder when o is divided by 21.
19
Let z(l) = -l**2 - 4*l + 30. Calculate the remainder when 130 is divided by z(-7).
4
Suppose -r + 6 = 2. Suppose 0 = -h - m + 113, -162 = -3*h + 4*m + 163. Suppose r*z = z + h. What is the remainder when z is divided by 19?
18
Let k = 310 - 291. Calculate the remainder when 93 is divided by k.
17
Suppose -4*v + 1 = -3. Let y(p) = -p**3 - 59*p**2 - 2*p - 116. Calculate the remainder when y(-59) is divided by v.
0
Let s(j) = -73*j - 5. What is the remainder when s(-2) is divided by 12?
9
Suppose -5*x = -4*s + 181, -5*s + s - x + 151 = 0. Let t be ((-3)/3)/((-2)/(-4)) - 0. Let c = 12 + t. Calculate the remainder when s is divided by c.
9
Let o be (-3 + 0)*-30 + -2. Let f = -62 + o. What is the remainder when f is divided by 15?
11
Suppose -24*s = -19*s + r - 111, 0 = -4*s + r + 87. Calculate the remainder when 48 is divided by s.
4
Let z be (-2)/(((-4)/(-15))/(-2)). Suppose 4*n + 4*s - 30 = -2, 0 = 5*n - 5*s - z. What is the remainder when n is divided by (-2)/((-28)/8 + 3)?
1
Suppose 0 = -9*y - 4606 + 5101. Calculate the remainder when 135 is divided by y.
25
Let m be ((-6)/4)/((-27)/90). What is the remainder when 55/m + -1*2 is divided by 7?
2
Let v(a) = a - 13. Let q = -15 + 27. Let z be v(q). What is the remainder when 226/2 + (-1 - z) is divided by 29?
26
Let t(u) be the third derivative of u**6/120 + u**5/60 + 9*u**3 + 2*u**2. Calculate the remainder when t(0) is divided by 2/4 - 42/(-4).
10
Suppose 0 = -2*i - 3732 + 3774. Calculate the remainder when i is divided by 22*((-10)/(-4) + -2).
10
Suppose c = -1 + 9. Let y(n) = 16*n - 7. Let i be y(4). Let q = i - c. What is the remainder when q is divided by 17?
15
Let j(m) = m**2 - 2. Suppose -1 = -q - 4*g - 3, 4 = -4*g. Let w(k) = 6*k**2 - k - 3. What is the remainder when w(q) is divided by j(3)?
5
Let o(m) = m**2 + m + 10. What is the remainder when -1*153/(-27)*3 is divided by o(0)?
7
Let g be ((29 - 3) + -4)*(-3)/(-2). Let o = g + 2. What is the remainder when 173 is divided by o?
33
Let b = 750 - 598. Calculate the remainder when b is divided by 41.
29
Let p(y) = -7*y + 97. Calculate the remainder when 288 is divided by p(0).
94
Suppose -38*n + 97*n = 944. What is the remainder when 20 is divided by n?
4
What is the remainder when 343 is divided by (8/(-10))/(50/(-500))?
7
Suppose -21 = -l - 12. Let k = -1 + l. Calculate the remainder when 28 is divided by k.
4
Let r = 1 - 11. What is the remainder when (-1088)/r + (-1 - (-6)/5) is divided by 16?
13
Suppose -6*v + 27 + 27 = 0. Supp